94?
47
Let m(v) = -v**3 + 68*v**2 - 66*v - 39. Let i be m(67). Calculate the greatest common factor of i and 36.
4
Let u = 1222 + -610. Let z = -558 + u. What is the highest common divisor of 18 and z?
18
Suppose 4*y = 16, -2*w - w - y - 38 = 0. Let o be 6/w + 9552/336. Calculate the greatest common divisor of 154 and o.
14
Let x(m) = -m**2 + 110*m - 2896. Let k be x(62). Calculate the highest common divisor of 8080 and k.
80
Let n = -25 + 40. Let h = n + -1. Let f be (-2 - 1) + (1 + 7)*3. What is the highest common divisor of f and h?
7
Suppose j = -5*t + 105, 2*t + 160 = j + 62. Let s(r) = -29*r + 1186. Let d be s(34). Calculate the highest common factor of d and j.
100
Suppose -5*o + 1594 = -q, 5*q - 58 = -78. What is the greatest common divisor of o and 1802?
106
Let f = 85 + -81. Suppose 3*j + 61 = f*k, 4*k = -3*j - 2*j + 101. What is the highest common divisor of k and 1?
1
Let b(m) = 2*m**3 + 12*m**2 - 315*m - 1862. Let x be b(-6). Calculate the greatest common divisor of 668 and x.
4
Let i = -1583 - -1531. Let o(a) = 36*a - 1. Let n be o(-1). Let s = n - i. Calculate the highest common factor of s and 165.
15
Suppose -g + 16 = 4. Let p be (-12)/16 - (-21)/g. What is the greatest common factor of p and 7?
1
Let n = -200 + 382. Suppose -3*g - 124 = -11*j, 50*g = 5*j + 47*g - 40. Calculate the highest common factor of j and n.
14
Let p(n) = -n**3 + 9*n**2 + 4*n - 17. Suppose 0 = -4*t - a + 34, 0*t + 3*a = 5*t - 51. Let r be p(t). Calculate the greatest common factor of 171 and r.
19
Let h = -36 - -75. Let y(t) = 2*t**2 - 17*t - 2258. Let d be y(-30). Calculate the highest common divisor of d and h.
13
Let u(w) = w**3 - 6*w**2 - 11*w - 15. Suppose -12*j + 4*k = -14*j + 28, -47 = -4*j - 5*k. Let f be u(j). What is the greatest common divisor of 325 and f?
25
Let x be (-1 + -35)*(0 + -8). Let z = 218 - 235. Let r be -72*(z/(-2) - 9). Calculate the greatest common divisor of x and r.
36
Suppose -q - 24 = -3*w, 0 = -5*w + 5*q - 0*q + 30. Let o = 3369 - 3198. What is the highest common divisor of w and o?
9
Let u(f) = 36*f - 779. Let r be u(22). Calculate the greatest common factor of r and 3653.
13
Suppose 45*x = 100*x + 125*x - 3600. Calculate the highest common divisor of x and 28940.
20
Let z be -7*(1*-3 + 0). Let w = 641 - 154. Let h = w - 319. Calculate the highest common divisor of z and h.
21
Let g = -12303 - -14735. Calculate the greatest common divisor of 532 and g.
76
Let s(u) = -10*u + 123. Suppose 0 = 4*j + 126 - 14. Let f be s(j). Calculate the greatest common factor of f and 13.
13
Suppose -94*b = -4859 - 135671. Suppose -q - 2*q + 39 = 0. What is the highest common divisor of b and q?
13
Let d = -14 - -53. Let y(v) = 47*v + 109. Let c be y(8). Suppose 14*q = -121 + c. What is the greatest common factor of d and q?
13
Suppose -d - 18*y + 24*y - 22 = 0, 5*d - 50 = -2*y. Calculate the greatest common divisor of 10232 and d.
8
Let s(w) = 6 + 0*w - 2 - 8*w - 9*w. Let z be s(-4). Suppose 0 = -3*f + 7*f + 5*m - 42, 5*f - 4*m = 32. Calculate the highest common divisor of f and z.
8
Let d = 1566 + -903. Calculate the highest common divisor of 312 and d.
39
Let d = 276 + -246. Let i be (-636)/(-106)*105/2. Calculate the greatest common factor of d and i.
15
Let y = 21792 + -21564. Calculate the greatest common factor of y and 468.
12
Let m be 1 + 4 - 3 - 42 - 4. Let r = 16 - m. What is the greatest common divisor of r and 12?
12
Let a = 4458 - 4386. Calculate the highest common divisor of 112 and a.
8
Let m = 18565 - 11077. What is the greatest common divisor of 384 and m?
192
Let u(x) = -70*x - 3. Let v be u(-1). Let i be ((-335)/30)/(2/(-24))*4. Calculate the highest common factor of v and i.
67
Let n = -12839 + 12851. Suppose 0*q = 2*q - 60. Calculate the greatest common divisor of n and q.
6
Let f(p) = -251*p - 181. Let y be f(-1). What is the greatest common divisor of y and 658?
14
Let k = 588 + 967. Suppose -447 - k = -11*c. Calculate the highest common divisor of 126 and c.
14
Let b = 319 + -305. Let m = 32 + 45. What is the highest common factor of m and b?
7
Suppose -125*h + 4363765 + 2923438 = 8*h. Calculate the highest common factor of h and 187.
187
Let l be (-3 - (3 - 7) - 9)*-1. Suppose 14*j - 15 = 11*j. Let z(p) = p**3 - 4*p**2 - 7*p + 12. Let u be z(j). Calculate the highest common factor of l and u.
2
Suppose -59*x + 71*x = 384. What is the highest common divisor of x and 164?
4
Let q = 425 + -416. Let k(w) = 7*w + 8. Let v be k(13). Calculate the highest common factor of v and q.
9
Let z be -2*(-7)/(-42)*-897 + 27/3. What is the highest common factor of z and 728?
28
Let k(f) = f**2 + 12*f + 23. Let w = 8 + -30. Let o be k(w). What is the highest common factor of o and 9?
9
Suppose 0*y = -5*y + 130. Let h = 44 - y. Suppose -16*r - 360 = -24*r. What is the greatest common factor of r and h?
9
Let o = 5183 - 2196. What is the greatest common factor of o and 87?
29
Let i be (-13944)/280 - (-4)/5. Let b be (-200)/(-35) - 14/i. Calculate the greatest common divisor of 138 and b.
6
Let v be ((-144)/15)/(3/(-15)). Let k be (12/10)/((-4)/(-20)). Suppose 0 = k*b - 6 - v. What is the highest common divisor of b and 6?
3
Let g(i) = i**3 - 7*i**2 - 12*i - 1. Let b be g(9). Let v = b + -45. Let y be 210/(-12)*v/(-10). Calculate the highest common factor of 154 and y.
14
Let r(l) = -l**2 - 31*l + 866. Let t be r(-46). Calculate the highest common divisor of t and 80.
16
Let q(z) = 2*z**2 - 9*z. Let k be q(5). Suppose -k*r = -w - 108, 6*r - 78 = 2*r + 5*w. Calculate the greatest common factor of 66 and r.
22
Let c = 19365 + -19026. Calculate the greatest common factor of c and 57.
3
Let l be 90/(-20)*8/12 + 207. Let s = -178 + l. What is the highest common factor of 325 and s?
13
Suppose -5 = 5*y, 0 = 4*c + 4*y - 42 + 14. Let v = c + -11. Let o = 1 - v. What is the greatest common factor of 32 and o?
4
Suppose 35 = 46*g - 45*g. Let l be (882/g)/(-3)*(-55)/2. Calculate the highest common factor of l and 21.
21
Suppose 4 = 2*j + 2*j. Suppose o - m = 9, -4*m - 15 - j = 0. Let s be 1/(o/3) - 97/(-5). Calculate the highest common divisor of 60 and s.
20
Suppose -25 = 5*x, -6*x + 300 = 5*j - 2*x. Suppose -3 = -3*a, -j*a = 2*q - 61*a - 2369. What is the greatest common factor of q and 7?
7
Suppose 0 = -32*t + 54*t - 27*t + 225. Calculate the greatest common factor of t and 63.
9
Let d(v) = -v**3 - 60*v**2 - 276*v + 9. Let b be d(-5). Suppose 0*z - 4 = -z. Calculate the greatest common divisor of z and b.
2
Let d = 148 + -143. Suppose -l + 4*c + 33 = -32, -2*l + d*c + 130 = 0. What is the highest common divisor of l and 52?
13
Let z = -2483 + 4188. Calculate the highest common factor of 1045 and z.
55
Let z = 109 - 106. Suppose -z*w + 69 = -315. Let p be 4/3 - (-184)/6. What is the highest common divisor of p and w?
32
Suppose 5*r - 88*n + 84*n - 1652 = 0, 0 = -n - 3. What is the highest common factor of 3198 and r?
82
Suppose 10*q - 70*q + 357949 = 19*q. Calculate the highest common factor of 985 and q.
197
Suppose 13*r + 108 = 22*r. Suppose 5*h - 2*n - 270 = 0, -3*h - n + 9 + 164 = 0. Suppose 53*d + 9 = h*d. What is the greatest common divisor of d and r?
3
Let y(g) = 2*g**3 + 11*g**2 - 26*g. Let x be y(6). Let z be (x/72)/(1*2/21). Calculate the greatest common divisor of z and 42.
14
Let k = 24 + 65. Suppose 4*z - 3*z - 13 = -4*i, 3*z = -i - 5. Suppose -j + 103 = 5*o, -5*j + 6 = i*o - k. Calculate the highest common divisor of 220 and o.
20
Let q be ((-45)/10)/((-12)/8). Let o = -3 + 2. Let t be (-11 - 5)/(o/q). What is the greatest common factor of t and 24?
24
Let o(m) = m**2 + 124*m - 1294. Let i be o(10). What is the greatest common divisor of 14421 and i?
23
Suppose 46979*q = 46994*q - 380700. What is the highest common divisor of 282 and q?
282
Let k(t) = 389*t + 13231. Let i be k(-32). Suppose -l - 3*l = -116. What is the highest common divisor of i and l?
29
Suppose -2*x - 15 = 3*x, -2*y + 3*x + 1 = 0. Suppose 9*t + 30 = 12. Let j be (t/(-4))/(4/(1148 + y)). Calculate the greatest common divisor of 13 and j.
13
Let j = 115 + -14. Let n = -45 + j. Suppose 7*p - 28 - n = 0. Calculate the highest common divisor of p and 15.
3
Suppose 3*q + 680 = 5*s + 13*q, 3*q = 4*s - 577. Calculate the greatest common factor of 48706 and s.
14